+ t, z + 14 = 4*z + 5*k. Calculate the remainder when 12 is divided by z.
0
Let m = -153 - -227. Let w(s) = -s**3 - s**2 + 2*s + 25. What is the remainder when m is divided by w(0)?
24
Suppose 0 = 4*r - 16 - 80. Calculate the remainder when 89 is divided by r.
17
Let z = 309 + -235. What is the remainder when z is divided by 10?
4
Let g = 137 + 105. Suppose q + q + g = 4*u, -5*q = -15. Suppose 11 = -5*d - 14, -4*d = 7*y - 204. What is the remainder when u is divided by y?
30
Suppose 0 = 7*p - 3*p - 20. Let l be 13/(-52) - 3/4. Let y = p + l. What is the remainder when 10 is divided by y?
2
Let g(p) = 12*p**2 - 69*p + 8. Calculate the remainder when 120 is divided by g(6).
16
Let l(f) = -3*f + 1. Let x be l(-6). Suppose -169 = -4*s + x. Suppose 0*p = -p + s. Calculate the remainder when p is divided by 16.
15
Let w = -493 + 525. What is the remainder when 893 is divided by w?
29
What is the remainder when 57 is divided by ((-4)/3)/((-14)/294)?
1
Let n(o) be the third derivative of 7*o**4/24 - 3*o**3/2 - 6*o**2. Calculate the remainder when n(3) is divided by 3.
0
Suppose -3*d + 5*d = 6. Suppose n = -5*f + 44, 0*n + 68 = n - d*f. Calculate the remainder when n is divided by 31.
28
Suppose -2*z + 214 = 7*o - 5*o, -3*o = -2*z + 219. Calculate the remainder when z is divided by 16.
12
Let b = -11 + 28. Calculate the remainder when 83 is divided by b.
15
Calculate the remainder when 10 is divided by 18/(-21)*(-42)/4 - 8.
0
Suppose 10 = 4*l - 62. Calculate the remainder when l is divided by 5.
3
Suppose 3*g = t - 177, 3*t - 8 = 1. Let f = g - -84. Let y = -59 + 135. Calculate the remainder when y is divided by f.
24
Suppose 11*h - 12*h = -5*p + 333, p + h = 63. What is the remainder when 654 is divided by p?
60
Let l(a) = a + 5. Let k be 28 + (0 - -2)/(-1). Let r = k - 9. Calculate the remainder when r is divided by l(5).
7
Suppose -3*p + 20 = -13. Let q(t) = t**2 - 11*t + 19. What is the remainder when q(p) is divided by 7?
5
Suppose 4*t + 152 = -5*v + 9*v, 3*v - 108 = t. Calculate the remainder when 522 is divided by v.
32
Let z = 1754 + -1677. Calculate the remainder when 129 is divided by z.
52
Let h(m) = 107*m**3 - 2*m**2 + 1. Calculate the remainder when h(1) is divided by 18.
16
Let d(k) = -51*k + 52*k + 9 + 2 + 6. What is the remainder when 31 is divided by d(-6)?
9
Suppose -3*y - 18 = -b, -2*b + 68*y = 63*y - 36. Calculate the remainder when 142 is divided by b.
16
Let h(l) = -17*l - 296. What is the remainder when 241 is divided by h(-19)?
25
Let p(v) = 3*v**2 - 9*v + 2. Let z = -77 - -81. What is the remainder when 27 is divided by p(z)?
13
Suppose -1062 = -17*b + 94. What is the remainder when b is divided by 29?
10
Suppose 623 = 4*i - 113. Suppose -4*a = 4*t - 152, 2*t - a - 2*a = 71. What is the remainder when i is divided by t?
36
Suppose 0 = 19*f + f - 160. Calculate the remainder when 37 is divided by f.
5
Suppose 5*s = 4*n - 60, n = -4*n + 2*s + 58. What is the remainder when 27 is divided by n?
7
Suppose 2*c - 12 = j - c, -4*j - 3*c = -12. Calculate the remainder when 136 is divided by (j/(-1))/(-2) - (-69 - -23).
44
Suppose -155*d = -161*d + 168. Calculate the remainder when 223 is divided by d.
27
Let o = 7 + -5. Suppose a - 4*r = -o*a + 29, -5 = r. Suppose -a*z = -8 - 34. What is the remainder when z is divided by 6?
2
Let q = -1515 + 2019. Calculate the remainder when q is divided by 46.
44
Let j = 173 + -123. Calculate the remainder when 122 is divided by j.
22
Suppose -v + 4*v = 72. Let h(f) = 5*f**2 - 4*f - 2. Suppose 0 = -0*w - 3*w - 12. Calculate the remainder when h(w) is divided by v.
22
Let v(z) = 46*z - 392. Calculate the remainder when 149 is divided by v(9).
17
Let s = -70 - -105. Let t = 123 - 63. Suppose -4*g + 4*n + t = 0, -48 = -3*g + 5*n - 11. What is the remainder when s is divided by g?
16
Let n = -108 - -129. What is the remainder when 103 is divided by n?
19
Let d be 13/13 - (-2)/((-2)/(-39)). Let z = d - 24. What is the remainder when z is divided by 11?
5
What is the remainder when 259 is divided by (-390)/(-845) + (-2354)/(-26)?
77
Let y(g) = g**3 - 5*g**2 + g + 3. What is the remainder when (78/4)/((-35)/(-10) + -3) is divided by y(5)?
7
Suppose 61 = -3*m - 5*d, 0*d = 2*m + 3*d + 42. Calculate the remainder when 1/(1/65) + -1 is divided by 1000/45 + 6/m.
20
Let b = 725 - 602. Calculate the remainder when b is divided by 62.
61
Let z = -692 + 954. What is the remainder when z is divided by 67?
61
Let j(z) = -z**2 - 5*z - 1. Let v be j(-6). Let r be (-32)/(-7) - 3/v. Suppose -r*t = -2*t - 24. What is the remainder when 31 is divided by t?
7
Suppose 16*g - 18*g + 4 = 0. Let c(x) = 27*x + 5. Suppose -14 = 4*i - z - 96, -58 = -3*i - z. Calculate the remainder when c(g) is divided by i.
19
Suppose 1980 = -13*b + 46*b. Calculate the remainder when b is divided by 3.
0
Let x(l) = 2*l**2 + 12*l - 179. Calculate the remainder when x(11) is divided by 90.
15
Suppose 239*v = 246*v - 21. Calculate the remainder when 6 is divided by v.
0
Let m = 1018 + -498. Suppose m - 178 = 19*w. Calculate the remainder when 24 is divided by w.
6
Suppose 3*o + 18 = -v, 0 = 3*o - 7*o + 5*v - 5. Suppose -324*s = -323*s - 32. Let m = o + s. Calculate the remainder when m is divided by 15.
12
Suppose -4*f - 12 = -4*i, 5 = 2*i - 5*f - 7. What is the remainder when 89 is divided by i/(-3) - 184/(-12)?
14
Suppose 3*d = -12, -s = -3*s + 4*d - 908. Let q = 27 + -12. Calculate the remainder when s/(-8) - (3 + 13/(-4)) is divided by q.
13
Let t = 4541 - 3056. Calculate the remainder when t is divided by 16.
13
Suppose -67 - 14 = -3*s. Let d = 63 - s. What is the remainder when d is divided by 59/3 - 6/9?
17
Let a(n) = -38*n + 182. What is the remainder when 139 is divided by a(3)?
3
Let i be 3/(((-9)/8)/(-3)). Let a = 4 + i. Suppose 5*v - 363*t - 212 = -365*t, 60 = v - 4*t. Calculate the remainder when v is divided by a.
8
Let f = 229 + -90. Suppose 5*w = 11 + f. What is the remainder when 148 is divided by w?
28
Let q = 54 - 57. Calculate the remainder when 70 is divided by (0 - 4*q) + 6/(-2).
7
Let z(c) = -c**2 - 12*c - 14. What is the remainder when 53 is divided by z(-4)?
17
Suppose 59*u = 57*u + 3*t + 149, -3*u + 226 = -2*t. Let i = 25 - 9. What is the remainder when u is divided by i?
12
Let g(d) = -d**3 - 39*d**2 - 3*d - 108. What is the remainder when 500 is divided by g(-39)?
5
Let w be 6/3*(2 + -3). Let k(a) = -3 - 35*a - 1 + 0 + 26*a. Calculate the remainder when 26 is divided by k(w).
12
Let n(r) = -r**3 - 10*r**2 + 0*r**3 + 13*r + 7 - 10*r + 8*r. Calculate the remainder when 27 is divided by n(-11).
6
Let c = -14 + 14. Suppose -5*m + 12 + 73 = c. Suppose -v + m + 3 = 0. Calculate the remainder when v is divided by 7.
6
Let t(u) = 12*u**2 + 3. Calculate the remainder when t(2) is divided by 31.
20
Suppose 0 = 6*c - 4*c - 74. Suppose -11 = -4*l - 7. Calculate the remainder when c is divided by 11/l + 1*2.
11
Suppose -3*g = g - 80. Let y(r) = -r**3 - 13*r**2 + 2*r + 37. What is the remainder when g is divided by y(-13)?
9
Suppose -9*v - 242 = -2*k - 5*v, -2*v + 534 = 4*k. What is the remainder when k is divided by 53?
25
Let f be 1*-1*(5 - 2). Calculate the remainder when -1 + f*(5 + -38) is divided by 20.
18
Let z(u) = -56*u**2 + 19*u**2 + 28*u**2 - 1 + 29*u**2. Calculate the remainder when z(-1) is divided by 6.
1
Let d(k) = 2*k - 6. Let b be d(-6). Let m = 39 + b. Calculate the remainder when m is divided by (9/(-2))/((-6)/8).
3
Let b(i) = i**2 - 23*i - 350. What is the remainder when b(-14) is divided by 27?
6
Let s = -179 - -191. What is the remainder when 153 is divided by s?
9
Suppose 30*y - 11*y = 513. Let k(o) = -2*o**3 - o**2 - o + 1. What is the remainder when y is divided by k(-2)?
12
Let c(u) = -u + 10. Let s = -7 - -12. Suppose 3*q = -5*h + s, -5*q - 9 = -0*q + 4*h. What is the remainder when c(q) is divided by 8?
7
Suppose 51 = -4*b + 527. Let h = -33 - -37. Suppose -h*x = 24 - 144. What is the remainder when b is divided by x?
29
Let q = -709 - -712. Let w = -4 + 7. Suppose 5*u + g - 32 = 0, -w*u = -0*u + g - 18. What is the remainder when u is divided by q?
1
Calculate the remainder when 209 is divided by (0 + 3 + 2)*7.
34
Suppose 0 = -4*k + 3*z + 268, -4*z = -3*k + 224 - 16. What is the remainder when 247 is di